-15).
54
Let o(x) = 29*x - 485. Calculate o(6).
-311
Let w(y) = 2*y**2 - 1062*y + 5274. What is w(5)?
14
Let z(u) = -4*u**3 - 3*u**2 - 11*u. Calculate z(3).
-168
Let d(n) = 145*n + 1543. Calculate d(-12).
-197
Let h(j) = 32*j**2 - j - 15. Give h(0).
-15
Let j(g) = 4*g**3 - 14*g**2 + 5*g - 12. What is j(4)?
40
Let z(x) = 2*x**2 - 138*x - 1590. Calculate z(-10).
-10
Let r(u) = u**3 - 17*u**2 + 23*u + 57. Calculate r(14).
-209
Let y(o) = 8*o**3 - 169*o**2 + 12*o + 191. Determine y(21).
2
Let b(o) = -68*o**2 + 409*o - 3. Calculate b(6).
3
Let t(z) = 4*z**2 - 48*z - 49. Give t(17).
291
Let n(u) = 4*u - 225. Give n(39).
-69
Let g(q) = q**3 - 28*q**2 + 186*q + 98. Calculate g(16).
2
Let w(l) = l**2 + 239*l + 13019. Give w(-155).
-1
Let x(s) = s**3 + 36*s**2 + 12*s - 486. Determine x(-35).
319
Let c(a) = -a**2 - 51*a - 273. Determine c(-7).
35
Let d(t) = -t**2 + 28*t + 1849. Give d(-32).
-71
Let o(d) = 5*d**2 + 425*d - 176. Calculate o(-85).
-176
Let k(d) = d**2 + 13*d - 85. Determine k(5).
5
Let d(y) = -y**2 + 212*y - 11012. Give d(91).
-1
Let h(d) = -d**3 + 6*d**2 - 176*d + 848. Calculate h(5).
-7
Let i(a) = 22*a**2 - 180*a - 3. Give i(8).
-35
Let y(h) = 3*h + 11. Calculate y(-4).
-1
Let v(r) = -27*r**2 + 1046*r - 751. What is v(38)?
9
Let t(i) = 2*i**2 - 60*i + 53. Calculate t(24).
-235
Let g(h) = 231*h + 907. Calculate g(-4).
-17
Let q(h) = -27*h**3 - 83*h**2 - 7*h - 16. Determine q(-3).
-13
Let a(i) = -4*i**2 - 17*i + 117. Determine a(4).
-15
Let o(k) = 63*k - 2332. Calculate o(42).
314
Let w(o) = -129*o + 1038. Give w(8).
6
Let o(m) = 3*m**3 + 24*m**2 + 45*m - 5. What is o(-5)?
-5
Let g(x) = 3*x**2 + 45*x - 19. Determine g(-19).
209
Let z(c) = -83*c - 13. Give z(1).
-96
Let a(l) = 4*l**2 - 70*l - 2067. Calculate a(33).
-21
Let k(o) = 120*o + 3215. Calculate k(-27).
-25
Let m(t) = -32*t**3 + 5*t**2 + 2*t - 3. What is m(1)?
-28
Let m(d) = -d**3 + 24*d**2 + 3*d - 95. Determine m(24).
-23
Let m(n) = n**2 + 91*n + 251. Give m(-88).
-13
Let a(h) = -726*h - 4372. Determine a(-6).
-16
Let v(y) = -69*y**2 + 65*y - 2. Give v(1).
-6
Let k(x) = -5*x**2 - 223*x + 1514. What is k(6)?
-4
Let k(i) = -i**2 + 112*i + 958. Give k(-8).
-2
Let o(g) = 33*g**2 - 3*g - 10. Determine o(-3).
296
Let i(q) = 5*q**2 + 77*q + 215. Determine i(-12).
11
Let u(c) = -c**3 + 13*c**2 + 38*c - 71. Calculate u(15).
49
Let v(c) = -55*c - 158. Give v(-8).
282
Let f(a) = 225*a + 1794. What is f(-8)?
-6
Let p(r) = 2*r**3 - 75*r**2 + 40*r - 101. Give p(37).
10
Let d(t) = -5*t + 374. What is d(74)?
4
Let l(r) = 10*r + 168. Determine l(-26).
-92
Let c(s) = 401*s - 807. Calculate c(2).
-5
Let i(t) = t**3 - 86*t**2 + 329*t - 99. Calculate i(82).
-17
Let s(j) = -3*j**3 + 17*j**2 - 13*j + 18. Give s(2).
36
Let s(o) = 5*o**3 + o**2 + 19*o + 27. Give s(-4).
-353
Let t(f) = -449*f - 7996. Give t(-18).
86
Let w(j) = -82*j + 63. Calculate w(2).
-101
Let i(q) = 3*q**2 - 113*q + 1038. What is i(22)?
4
Let b(a) = -2*a**2 - 997*a + 25075. Give b(24).
-5
Let u(v) = 19*v**2 + 114*v + 1. What is u(-6)?
1
Let g(q) = 112*q + 775. Give g(-7).
-9
Let c(t) = 39*t + 959. Determine c(-25).
-16
Let o(c) = -3*c - 44. What is o(-27)?
37
Let n(k) = 38*k**2 - 508*k + 3. What is n(13)?
-179
Let o(t) = 17*t + 3213. Calculate o(-191).
-34
Let p(l) = 3*l**2 + 114*l + 349. What is p(-3)?
34
Let g(u) = -131*u**3 - u**2 + 11*u - 11. Calculate g(1).
-132
Let h(f) = 298*f + 51855. Calculate h(-174).
3
Let c(z) = -z**3 + 1129*z**2 - 10078*z - 11. Determine c(9).
7
Let l(v) = -2*v**2 + 97*v - 854. What is l(37)?
-3
Let z(w) = w**3 - 7*w + 45. Determine z(4).
81
Let k(s) = -59*s - 1087. What is k(-17)?
-84
Let a(x) = x**3 + 12*x + 21. Give a(-2).
-11
Let g(u) = -3*u**3 - 14*u**2 - 18*u + 2. Determine g(-2).
6
Let f(q) = -100*q + 7597. Give f(76).
-3
Let v(r) = 8*r**3 - r**2 - 13*r + 25. What is v(3)?
193
Let n(y) = -91*y - 667. What is n(-8)?
61
Let z(m) = -m**2 + 3165*m + 38114. Calculate z(-12).
-10
Let v(x) = 27*x**2 + 319*x. What is v(-10)?
-490
Let c(l) = 22*l + 193. Calculate c(-7).
39
Let r(v) = 11*v - 109. Calculate r(12).
23
Let x(t) = 648*t + 3893. Determine x(-6).
5
Let a(t) = -t**3 - 23*t**2 + 3*t + 35. Give a(-23).
-34
Let m(l) = l**2 + 8*l - 2364. What is m(45)?
21
Let p(z) = -z**2 - 104*z - 1799. What is p(-22)?
5
Let y(g) = -g**2 - 19*g - 107. Calculate y(-9).
-17
Let t(v) = 1139*v + 2312. What is t(-2)?
34
Let c(t) = -t + 232. What is c(0)?
232
Let s(i) = 20*i + 43. What is s(-3)?
-17
Let d(l) = l**3 - 10*l**2 + 10*l - 1. Determine d(6).
-85
Let w(t) = 10*t**2 + 113*t - 795. Calculate w(-16).
-43
Let u(y) = 167*y + 281. What is u(-2)?
-53
Let w(s) = -s**2 + 21*s + 2219. Give w(58).
73
Let s(j) = 1375*j + 24757. Determine s(-18).
7
Let f(b) = 65*b + 8062. Give f(-124).
2
Let h(u) = 13*u**2 - 49*u + 301. What is h(8)?
741
Let g(o) = -o**3 + 66*o**2 + 1025*o + 7. Calculate g(-13).
33
Let j(a) = a**3 - 52*a**2 - 107*a - 14. Determine j(54).
40
Let v(z) = 123*z + 1191. Calculate v(-10).
-39
Let g(h) = -6*h**2 - 24*h - 18. Give g(-10).
-378
Let g(f) = -f**3 - 17*f**2 + 23*f + 17. What is g(-18)?
-73
Let o(m) = m**2 - 49*m + 620. Determine o(27).
26
Let t(y) = 151*y - 282. Give t(2).
20
Let t(w) = w**2 - 29*w - 1721. Determine t(57).
-125
Let r(g) = -8253*g + 16445. Give r(2).
-61
Let m(t) = 2*t**2 - 159*t + 74. What is m(79)?
-5
Let y(x) = x**3 - 50*x**2 - 166*x + 389. Determine y(53).
18
Let q(c) = -16*c**2 + 5*c + 19. Determine q(-2).
-55
Let u(l) = l**3 + 12*l**2 - 8*l - 7. Determine u(-13).
-72
Let p(z) = -2*z**2 + 157*z - 186. Give p(0).
-186
Let d(b) = 630*b + 6406. What is d(-10)?
106
Let t(o) = o**2 - 32*o - 4215. Determine t(-51).
18
Let l(r) = -1457*r - 11685. Give l(-8).
-29
Let a(s) = s**3 + 7. Determine a(3).
34
Let a(y) = -251*y + 7031. What is a(28)?
3
Let h(u) = -u**3 - 19*u**2 - 35*u - 79. Determine h(-17).
-62
Let y(u) = -4*u**3 + 11*u**2 + 13*u - 4. Give y(4).
-32
Let b(v) = v**3 + 14*v**2 + 14*v + 34. Calculate b(-6).
238
Let v(o) = 2*o**2 + 51*o + 329. Determine v(-17).
40
Let l(q) = 3*q**2 + 259*q - 509. What is l(2)?
21
Let v(q) = -q**3 + 73*q**2 - 274*q - 175. Calculate v(69).
-37
Let y(i) = i**3 + 5*i**2 - 10*i - 45. Give y(-3).
3
Let u(a) = 5*a + 10. Give u(-11).
-45
Let n(h) = h**2 + 21*h + 137. What is n(-11)?
27
Let m(c) = -2*c**2 - 3*c - 10. Give m(-7).
-87
Let l(n) = n**2 - 13*n + 86. Determine l(4).
50
Let j(n) = -n**3 - 48*n**2 - 93*n + 83. What is j(-46)?
129
Let h(u) = -u**2 - 60*u - 538. Give h(-11).
1
Let x(w) = 25*w**2 + 142*w + 89. Calculate x(-5).
4
Let j(z) = -27*z + 65. Give j(2).
11
Let j(f) = f**2 + 81*f + 326. Calculate j(-4).
18
Let f(u) = 31*u + 2352. Give f(-76).
-4
Let a(r) = -5*r**3 + 122*r**2 - 317*r - 15. Determine a(3).
-3
Let b(n) = -18*n**3 - 2*n**2 - 5*n - 4. Determine b(-2).
142
Let h(k) = k**3 - 30*k**2 + 81*k + 594. Give h(26).
-4
Let f(b) = -2*b**3 - 3*b**2 + 8*b + 6. What is f(3)?
-51
Let v(a) = -85*a - 93. What is v(-1)?
-8
Let m(w) = 24*w**2 - 207*w + 116. Calculate m(8).
-4
Let y(a) = 74*a**2 + a + 1. Determine y(-1).
74
Let g(t) = -2*t**3 + 10*t**2 + 313*t - 1730. What is g(12)?
10
Let o(b) = -b**2 + 8*b + 870. Calculate o(-27).
-75
Let r(x) = 175*x + 5431. Determine r(-31).
6
Let j(b) = 16064*b + 32125. What is j(-2)?
-3
Let b(s) = 2*s**3 - s**2 - 30*s - 5. Give b(-4).
-29
Let o(g) = 31*g + 344. Calculate o(-14).
-90
Let y(s) = -s**3 - 35*s**2 - 255*s - 79. What is y(-25)?
46
Let u(j) = -271*j + 2706. Determine u(10).
-4
Let a(t) = 82*t**2 + 570*t - 27. Calculate a(-7).
1
Let z(h) = h**3 + 33*h**2 + 100*h - 369. Determine z(-29).
95
Let r(a) = 350*a + 3510. Determine r(-10).
10
Let f(l) = -l**2 + 169*l + 888. What is f(-5)?
18
Let f(n) = 4*n**2 + 15*n - 8. What is f(9)?
451
Let x(q) = -q**2 - 317*q - 40. What is x(0)?
-40
Let z(t) = -3*t**2 - 186*t + 566. Give z(3).
-19
Let n(u) = 142*u - 54. Calculate n(-2).
-338
Let m(b) = 81*b - 626. Calculate m(6).
-140
Let d(y) = y**3 + 9*y**2 - 24*y - 174. What is d(-10)?
-34
Let u(n) = -3*n - 528. Calculate u(22).
-594
Let o(j) = -131*j - 1549. Give o(-12).
23
Let n(a) = -5119*a - 20388. Give n(-4).
88
Let a(d) = -d**2 - 144*d - 3249. What is a(-28)?
-1
Let u(n) = 4*n**2 - 198*n - 2664. Calculate u(-11).
-2
Let w(o) = -107*o - 110. Calculate w(-1).
-3
Let q(p) = 6*p**2 - 855*p + 426. What is q(142)?
0
Let o(